{"id":28,"date":"2016-04-16T15:57:31","date_gmt":"2016-04-16T13:57:31","guid":{"rendered":"http:\/\/einbruch-sicher.com\/led\/?page_id=28"},"modified":"2016-04-28T17:13:20","modified_gmt":"2016-04-28T15:13:20","slug":"umwelt","status":"publish","type":"page","link":"https:\/\/einbruch-sicher.com\/led\/vorteile\/umwelt\/","title":{"rendered":"Umwelt"},"content":{"rendered":"[vc_row][vc_column][vc_custom_heading text=&#8220;Umwelt&#8220; use_theme_fonts=&#8220;yes&#8220;][vc_column_text]\n<h4>Reduzieren Sie den CO2-Aussto\u00df um 65%<\/h4>\n<p>Nachhaltigkeit ist ein wichtiges unternehmerisches Ziel, mit dem Sie nicht nur die Umweltauswirkungen Ihres wirtschaftlichen Handelns reduzieren, sondern auch alle entsprechenden gesetzlichen Vorschriften einhalten, <span style=\"color: #508a00;\"><strong>Energiekosten einsparen<\/strong><\/span> und Ihre \u00f6kologische Glaubw\u00fcrdigkeit unter Beweis stellen k\u00f6nnen. Die Modernisierung Ihrer Beleuchtungsinstallation bietet Ihnen eine schnelle und einfache M\u00f6glichkeit, den CO2-Aussto\u00df zu reduzieren, ohne dabei die Arbeit Ihrer Mitarbeiter zu beeintr\u00e4chtigen. Gleichzeitig lassen sich so beispielsweise die Vorgaben des Bundesministeriums f\u00fcr Umwelt, Naturschutz und Reaktorsicherheit (BMU) einhalten, eine CO2-Minderung von mindestens 50% zu erreichen.<\/p>\n<p>In Europa sind Geb\u00e4ude f\u00fcr etwa 60% des Energieverbrauchs verantwortlich, und bis zu 30% davon wird durch die Beleuchtung verursacht. Im Rahmen der EU-weiten Bem\u00fchungen, die Umweltvertr\u00e4glichkeit energieverbrauchender Produkte weiter zu verbessern, wird die Nutzung ineffizienter Lampen und Vorschaltger\u00e4te durch die ErP-Richtlinie bereits schrittweise verboten. Die RoHS- und REACH-Richtlinien beschr\u00e4nken die Verwendung bestimmter gef\u00e4hrlicher Inhaltsstoffe. Unsere <strong><span style=\"color: #508a00;\">umweltfreundlichen Alternativen<\/span><\/strong> helfen Ihnen, diese und andere Vorschriften zu erf\u00fcllen, die Energieeffizienz Ihrer Geb\u00e4ude zu verbessern und die neuen Branchennormen einzuhalten oder sogar noch zu \u00fcbertreffen.<\/p>\n<h4>Modernisierungen zahlen sich aus<\/h4>\n<p>Umweltfreundliche Einrichtungen sind jedoch nicht nur sinnvoll f\u00fcr die Menschen und unseren Planeten. Indem Sie bis zu <strong><span style=\"color: #508a00;\">65% Stromkosten<\/span><\/strong> f\u00fcr die Beleuchtung einsparen, ergeben sich daraus auch erhebliche wirtschaftliche Vorteile f\u00fcr Ihr Unternehmen.<\/p>\n<p>In Europa sind Geb\u00e4ude f\u00fcr etwa 60 % des Energieverbrauchs verantwortlich, und bis zu 30 % davon wird durch die Beleuchtung verursacht. Unsere Lichtl\u00f6sungen helfen dabei, die Energieeffizienz von Geb\u00e4uden zu steigern.<\/p>\n<h4>Energieverbrauch f\u00fcr Beleuchtung in Geb\u00e4uden in Europa<\/h4>\n<p>In Europa sind Geb\u00e4ude f\u00fcr etwa 60 % des Energieverbrauchs verantwortlich, und bis zu 30 % davon wird durch die Beleuchtung verursacht. Unsere Lichtl\u00f6sungen helfen dabei, die Energieeffizienz von Geb\u00e4uden zu steigern.<\/p>\n<h4>Enormes Einsparpotenzial<\/h4>\n<p>Gesch\u00e4tzes j\u00e4hrliches Sparpotential mit LED-Lampen in der EU in Milliarden Euro<\/p>\n<h4>Nachhaltig umweltschonend<\/h4>\n<p>Gesch\u00e4tztes j\u00e4hrliches CO2-Einsparpotential mit LED-Lampen in der EU in Millionen Tonnen CO2.[\/vc_column_text][\/vc_column][\/vc_row]\n","protected":false},"excerpt":{"rendered":"<p>[vc_row][vc_column][vc_custom_heading text=&#8220;Umwelt&#8220; use_theme_fonts=&#8220;yes&#8220;][vc_column_text]<br \/>\nReduzieren Sie den CO2-Aussto\u00df um 65%<br \/>\nNachhaltigkeit ist ein wichtiges unternehmerisches Ziel, mit dem Sie nicht nur die Umweltauswirkungen Ihres wirtschaftlichen Handelns reduzieren, sondern auch alle entsprechenden gesetzlichen Vorschriften einhalten, Energiekosten einsparen und Ihre \u00f6kologische Glaubw\u00fcrdigkeit unter Beweis stellen k\u00f6nnen. Die Modernisierung Ihrer Beleuchtungsinstallation bietet Ihnen eine schnelle und einfache M\u00f6glichkeit, den CO2-Aussto\u00df zu reduzieren, ohne dabei die Arbeit Ihrer Mitarbeiter zu beeintr\u00e4chtigen. Gleichzeitig lassen sich so beispielsweise die Vorgaben des Bundesministeriums f\u00fcr Umwelt, Naturschutz und Reaktorsicherheit &#8230;<\/p>\n","protected":false},"author":2,"featured_media":0,"parent":22,"menu_order":0,"comment_status":"closed","ping_status":"closed","template":"template_leftnav.php","meta":[],"yoast_head":"<!-- This site is optimized with the Yoast SEO plugin v20.4 - https:\/\/yoast.com\/wordpress\/plugins\/seo\/ -->\n<title>Umwelt - LED-Flutlichtstrahler<\/title>\n<meta name=\"robots\" content=\"index, follow, max-snippet:-1, max-image-preview:large, max-video-preview:-1\" \/>\n<link rel=\"canonical\" href=\"https:\/\/einbruch-sicher.com\/led\/vorteile\/umwelt\/\" \/>\n<meta property=\"og:locale\" content=\"de_DE\" \/>\n<meta property=\"og:type\" content=\"article\" \/>\n<meta property=\"og:title\" content=\"Umwelt - LED-Flutlichtstrahler\" \/>\n<meta property=\"og:description\" content=\"[vc_row][vc_column][vc_custom_heading text=&#8220;Umwelt&#8220; use_theme_fonts=&#8220;yes&#8220;][vc_column_text] Reduzieren Sie den CO2-Aussto\u00df um 65% Nachhaltigkeit ist ein wichtiges unternehmerisches Ziel, mit dem Sie nicht nur die Umweltauswirkungen Ihres wirtschaftlichen Handelns reduzieren, sondern auch alle entsprechenden gesetzlichen Vorschriften einhalten, Energiekosten einsparen und Ihre \u00f6kologische Glaubw\u00fcrdigkeit unter Beweis stellen k\u00f6nnen. Die Modernisierung Ihrer Beleuchtungsinstallation bietet Ihnen eine schnelle und einfache M\u00f6glichkeit, den CO2-Aussto\u00df zu reduzieren, ohne dabei die Arbeit Ihrer Mitarbeiter zu beeintr\u00e4chtigen. Gleichzeitig lassen sich so beispielsweise die Vorgaben des Bundesministeriums f\u00fcr Umwelt, Naturschutz und Reaktorsicherheit ...\" \/>\n<meta property=\"og:url\" content=\"https:\/\/einbruch-sicher.com\/led\/vorteile\/umwelt\/\" \/>\n<meta property=\"og:site_name\" content=\"LED-Flutlichtstrahler\" \/>\n<meta property=\"article:modified_time\" content=\"2016-04-28T15:13:20+00:00\" \/>\n<meta name=\"twitter:card\" content=\"summary_large_image\" \/>\n<meta name=\"twitter:label1\" content=\"Gesch\u00e4tzte Lesezeit\" \/>\n\t<meta name=\"twitter:data1\" content=\"2\u00a0Minuten\" \/>\n<script type=\"application\/ld+json\" class=\"yoast-schema-graph\">{\"@context\":\"https:\/\/schema.org\",\"@graph\":[{\"@type\":\"WebPage\",\"@id\":\"https:\/\/einbruch-sicher.com\/led\/vorteile\/umwelt\/\",\"url\":\"https:\/\/einbruch-sicher.com\/led\/vorteile\/umwelt\/\",\"name\":\"Umwelt - LED-Flutlichtstrahler\",\"isPartOf\":{\"@id\":\"https:\/\/einbruch-sicher.com\/led\/#website\"},\"datePublished\":\"2016-04-16T13:57:31+00:00\",\"dateModified\":\"2016-04-28T15:13:20+00:00\",\"breadcrumb\":{\"@id\":\"https:\/\/einbruch-sicher.com\/led\/vorteile\/umwelt\/#breadcrumb\"},\"inLanguage\":\"de\",\"potentialAction\":[{\"@type\":\"ReadAction\",\"target\":[\"https:\/\/einbruch-sicher.com\/led\/vorteile\/umwelt\/\"]}]},{\"@type\":\"BreadcrumbList\",\"@id\":\"https:\/\/einbruch-sicher.com\/led\/vorteile\/umwelt\/#breadcrumb\",\"itemListElement\":[{\"@type\":\"ListItem\",\"position\":1,\"name\":\"Startseite\",\"item\":\"https:\/\/einbruch-sicher.com\/led\/\"},{\"@type\":\"ListItem\",\"position\":2,\"name\":\"VORTEILE\",\"item\":\"https:\/\/einbruch-sicher.com\/led\/vorteile\/\"},{\"@type\":\"ListItem\",\"position\":3,\"name\":\"Umwelt\"}]},{\"@type\":\"WebSite\",\"@id\":\"https:\/\/einbruch-sicher.com\/led\/#website\",\"url\":\"https:\/\/einbruch-sicher.com\/led\/\",\"name\":\"LED-Flutlichtstrahler\",\"description\":\"Eine weitere Falzalarm der Fensteralarm Websites Website\",\"potentialAction\":[{\"@type\":\"SearchAction\",\"target\":{\"@type\":\"EntryPoint\",\"urlTemplate\":\"https:\/\/einbruch-sicher.com\/led\/?s={search_term_string}\"},\"query-input\":\"required name=search_term_string\"}],\"inLanguage\":\"de\"}]}<\/script>\n<!-- \/ Yoast SEO plugin. -->","yoast_head_json":{"title":"Umwelt - LED-Flutlichtstrahler","robots":{"index":"index","follow":"follow","max-snippet":"max-snippet:-1","max-image-preview":"max-image-preview:large","max-video-preview":"max-video-preview:-1"},"canonical":"https:\/\/einbruch-sicher.com\/led\/vorteile\/umwelt\/","og_locale":"de_DE","og_type":"article","og_title":"Umwelt - LED-Flutlichtstrahler","og_description":"[vc_row][vc_column][vc_custom_heading text=&#8220;Umwelt&#8220; use_theme_fonts=&#8220;yes&#8220;][vc_column_text] Reduzieren Sie den CO2-Aussto\u00df um 65% Nachhaltigkeit ist ein wichtiges unternehmerisches Ziel, mit dem Sie nicht nur die Umweltauswirkungen Ihres wirtschaftlichen Handelns reduzieren, sondern auch alle entsprechenden gesetzlichen Vorschriften einhalten, Energiekosten einsparen und Ihre \u00f6kologische Glaubw\u00fcrdigkeit unter Beweis stellen k\u00f6nnen. Die Modernisierung Ihrer Beleuchtungsinstallation bietet Ihnen eine schnelle und einfache M\u00f6glichkeit, den CO2-Aussto\u00df zu reduzieren, ohne dabei die Arbeit Ihrer Mitarbeiter zu beeintr\u00e4chtigen. Gleichzeitig lassen sich so beispielsweise die Vorgaben des Bundesministeriums f\u00fcr Umwelt, Naturschutz und Reaktorsicherheit ...","og_url":"https:\/\/einbruch-sicher.com\/led\/vorteile\/umwelt\/","og_site_name":"LED-Flutlichtstrahler","article_modified_time":"2016-04-28T15:13:20+00:00","twitter_card":"summary_large_image","twitter_misc":{"Gesch\u00e4tzte Lesezeit":"2\u00a0Minuten"},"schema":{"@context":"https:\/\/schema.org","@graph":[{"@type":"WebPage","@id":"https:\/\/einbruch-sicher.com\/led\/vorteile\/umwelt\/","url":"https:\/\/einbruch-sicher.com\/led\/vorteile\/umwelt\/","name":"Umwelt - LED-Flutlichtstrahler","isPartOf":{"@id":"https:\/\/einbruch-sicher.com\/led\/#website"},"datePublished":"2016-04-16T13:57:31+00:00","dateModified":"2016-04-28T15:13:20+00:00","breadcrumb":{"@id":"https:\/\/einbruch-sicher.com\/led\/vorteile\/umwelt\/#breadcrumb"},"inLanguage":"de","potentialAction":[{"@type":"ReadAction","target":["https:\/\/einbruch-sicher.com\/led\/vorteile\/umwelt\/"]}]},{"@type":"BreadcrumbList","@id":"https:\/\/einbruch-sicher.com\/led\/vorteile\/umwelt\/#breadcrumb","itemListElement":[{"@type":"ListItem","position":1,"name":"Startseite","item":"https:\/\/einbruch-sicher.com\/led\/"},{"@type":"ListItem","position":2,"name":"VORTEILE","item":"https:\/\/einbruch-sicher.com\/led\/vorteile\/"},{"@type":"ListItem","position":3,"name":"Umwelt"}]},{"@type":"WebSite","@id":"https:\/\/einbruch-sicher.com\/led\/#website","url":"https:\/\/einbruch-sicher.com\/led\/","name":"LED-Flutlichtstrahler","description":"Eine weitere Falzalarm der Fensteralarm Websites Website","potentialAction":[{"@type":"SearchAction","target":{"@type":"EntryPoint","urlTemplate":"https:\/\/einbruch-sicher.com\/led\/?s={search_term_string}"},"query-input":"required name=search_term_string"}],"inLanguage":"de"}]}},"_links":{"self":[{"href":"https:\/\/einbruch-sicher.com\/led\/wp-json\/wp\/v2\/pages\/28"}],"collection":[{"href":"https:\/\/einbruch-sicher.com\/led\/wp-json\/wp\/v2\/pages"}],"about":[{"href":"https:\/\/einbruch-sicher.com\/led\/wp-json\/wp\/v2\/types\/page"}],"author":[{"embeddable":true,"href":"https:\/\/einbruch-sicher.com\/led\/wp-json\/wp\/v2\/users\/2"}],"replies":[{"embeddable":true,"href":"https:\/\/einbruch-sicher.com\/led\/wp-json\/wp\/v2\/comments?post=28"}],"version-history":[{"count":0,"href":"https:\/\/einbruch-sicher.com\/led\/wp-json\/wp\/v2\/pages\/28\/revisions"}],"up":[{"embeddable":true,"href":"https:\/\/einbruch-sicher.com\/led\/wp-json\/wp\/v2\/pages\/22"}],"wp:attachment":[{"href":"https:\/\/einbruch-sicher.com\/led\/wp-json\/wp\/v2\/media?parent=28"}],"curies":[{"name":"wp","href":"https:\/\/api.w.org\/{rel}","templated":true}]}}