{"id":15,"date":"2016-04-16T15:08:47","date_gmt":"2016-04-16T13:08:47","guid":{"rendered":"http:\/\/einbruch-sicher.com\/led\/?page_id=15"},"modified":"2016-04-29T14:11:55","modified_gmt":"2016-04-29T12:11:55","slug":"home","status":"publish","type":"page","link":"https:\/\/einbruch-sicher.com\/led\/","title":{"rendered":"LED"},"content":{"rendered":"[vc_row][vc_column][vc_column_text]\n<h1><span style=\"color: #508a00;\"><strong><img decoding=\"async\" loading=\"lazy\" class=\"alignnone size-medium wp-image-64\" src=\"http:\/\/einbruch-sicher.com\/led\/wp-content\/uploads\/sites\/8\/2016\/04\/LED-FLS-Gruppe_Sidebar_506-300x300.png\" alt=\"LED-FLS-Gruppe_Sidebar_506\" width=\"300\" height=\"300\" srcset=\"https:\/\/einbruch-sicher.com\/led\/wp-content\/uploads\/sites\/8\/2016\/04\/LED-FLS-Gruppe_Sidebar_506-300x300.png 300w, https:\/\/einbruch-sicher.com\/led\/wp-content\/uploads\/sites\/8\/2016\/04\/LED-FLS-Gruppe_Sidebar_506-150x150.png 150w, https:\/\/einbruch-sicher.com\/led\/wp-content\/uploads\/sites\/8\/2016\/04\/LED-FLS-Gruppe_Sidebar_506-71x71.png 71w, https:\/\/einbruch-sicher.com\/led\/wp-content\/uploads\/sites\/8\/2016\/04\/LED-FLS-Gruppe_Sidebar_506-36x36.png 36w, https:\/\/einbruch-sicher.com\/led\/wp-content\/uploads\/sites\/8\/2016\/04\/LED-FLS-Gruppe_Sidebar_506.png 506w\" sizes=\"(max-width: 300px) 100vw, 300px\" \/><img decoding=\"async\" loading=\"lazy\" class=\"alignnone size-medium wp-image-66\" src=\"http:\/\/einbruch-sicher.com\/led\/wp-content\/uploads\/sites\/8\/2016\/04\/Icons-LED-FLS_Sidebar_253.png\" alt=\"Icons-LED-FLS_Sidebar_253\" width=\"253\" height=\"64\" \/><\/strong><\/span><\/h1>\n<h1><\/h1>\n<h1><span style=\"color: #508a00;\">LED-Flutlichtstrahler mit Bewegungssensor (PIR-Sensor) IP65<\/span><\/h1>\n<p>M2LOOM LED-Flutlichtstrahler (IP65) sind die effiziente Alternative zu Halogenflutern und Metalldampflampen \u2013 sie erreichen bei niedrigem Energieverbrauch eine hervorragende Leuchtkraft sowohl im Innen- als auch im Au\u00dfenbereich. Sie \u00fcberzeugen durch eine Lebensdauer von mehr als 50.000 Stunden, durch ihr hochwertiges und robustes Aluminiumgeh\u00e4use sowie durch 5 Jahre M2LOOM-Garantie. Sie spenden sofort flackerfreies Licht. Die Schutzklasse IP65 bescheinigt unseren LED-Flutlichtstrahlern vollst\u00e4ndigen Ber\u00fchrungsschutz, Schutz gegen Eindringen von Staub sowie gegen Strahlwasser aus beliebigem Winkel.\u00a0 Es wird keinerlei sch\u00e4dliche IR- oder UV-Strahlung abgegeben; au\u00dferdem ist kein gef\u00e4hrliches Quecksilber enthalten. M2LOOM LED-Flutlichtstrahler sind bestens f\u00fcr eine optimale Objektbeleuchtung im Innen- und im Au\u00dfenbereich geeignet.<\/p>\n<p>&nbsp;<\/p>\n<div id=\"c549\" class=\"csc-default\"><\/div>\n[\/vc_column_text][\/vc_column][\/vc_row][vc_row][vc_column][vc_column_text]\n<div id=\"c548\" class=\"csc-default\">\n<table class=\"contenttable contenttable-0\">\n<thead>\n<tr class=\"tr-even tr-0\">\n<th id=\"col548-0\" class=\"td-0\" scope=\"col\">Art.-Nr.<\/th>\n<th id=\"col548-1\" class=\"td-1\" scope=\"col\">M2LOOM Modell-Nr.<\/th>\n<th id=\"col548-2\" class=\"td-2\" scope=\"col\">Leistung<\/th>\n<th id=\"col548-3\" class=\"td-3\" scope=\"col\">Abmessung (B\u00d7H\u00d7T)<\/th>\n<th id=\"col548-4\" class=\"td-4\" scope=\"col\">Gewicht<\/th>\n<th id=\"col548-5\" class=\"td-5\" scope=\"col\">Lichtstrom<\/th>\n<th id=\"col548-6\" class=\"td-last td-6\" scope=\"col\">Lichtfarbe<\/th>\n<\/tr>\n<\/thead>\n<tbody>\n<tr class=\"tr-odd tr-1\">\n<td class=\"td-0\" headers=\"col548-0\">576.703<\/td>\n<td class=\"td-1\" headers=\"col548-1\">M2LOOM-010450-500-PIR<\/td>\n<td class=\"td-2\" headers=\"col548-2\">10\u2009W*<\/td>\n<td class=\"td-3\" headers=\"col548-3\">115\u00d7155\u00d7115\u2009mm<\/td>\n<td class=\"td-4\" headers=\"col548-4\">0,590\u2009kg<\/td>\n<td class=\"td-5\" headers=\"col548-5\">980 Lumen<\/td>\n<td class=\"td-last td-6\" headers=\"col548-6\">4.500\u2009\u2013\u20095.000\u2009K<\/td>\n<\/tr>\n<tr class=\"tr-even tr-2\">\n<td class=\"td-0\" headers=\"col548-0\">576.713<\/td>\n<td class=\"td-1\" headers=\"col548-1\">M2LOOM-020450-500-PIR<\/td>\n<td class=\"td-2\" headers=\"col548-2\">20\u2009W*<\/td>\n<td class=\"td-3\" headers=\"col548-3\">180\u00d7190\u00d7135\u2009mm<\/td>\n<td class=\"td-4\" headers=\"col548-4\">0,940\u2009kg<\/td>\n<td class=\"td-5\" headers=\"col548-5\">2.000 Lumen<\/td>\n<td class=\"td-last td-6\" headers=\"col548-6\">4.500\u2009\u2013\u20095.000\u2009K<\/td>\n<\/tr>\n<tr class=\"tr-odd tr-3\">\n<td class=\"td-0\" headers=\"col548-0\">576.723<\/td>\n<td class=\"td-1\" headers=\"col548-1\">M2LOOM-050450-500-PIR<\/td>\n<td class=\"td-2\" headers=\"col548-2\">50\u2009W*<\/td>\n<td class=\"td-3\" headers=\"col548-3\">285\u00d7265\u00d7165\u2009mm<\/td>\n<td class=\"td-4\" headers=\"col548-4\">2,600\u2009kg<\/td>\n<td class=\"td-5\" headers=\"col548-5\">5.000 Lumen<\/td>\n<td class=\"td-last td-6\" headers=\"col548-6\">4.500\u2009\u2013\u20095.000\u2009K<\/td>\n<\/tr>\n<tr class=\"tr-even tr-4\">\n<td class=\"td-0\" headers=\"col548-0\">576.733<\/td>\n<td class=\"td-1\" headers=\"col548-1\">M2LOOM-120450-500-PIR<\/td>\n<td class=\"td-2\" headers=\"col548-2\">120\u2009W*<\/td>\n<td class=\"td-3\" headers=\"col548-3\">425\u00d7355\u00d7230\u2009mm<\/td>\n<td class=\"td-4\" headers=\"col548-4\">7,400\u2009kg<\/td>\n<td class=\"td-5\" headers=\"col548-5\">11.800 Lumen<\/td>\n<td class=\"td-last td-6\" headers=\"col548-6\">4.500\u2009\u2013\u20095.000\u2009K<\/td>\n<\/tr>\n<tr class=\"tr-odd tr-last\">\n<td class=\"td-0\" headers=\"col548-0\">576.743<\/td>\n<td class=\"td-1\" headers=\"col548-1\">M2LOOM-150450-500-PIR<\/td>\n<td class=\"td-2\" headers=\"col548-2\">150\u2009W*<\/td>\n<td class=\"td-3\" headers=\"col548-3\">425\u00d7355\u00d7230\u2009mm<\/td>\n<td class=\"td-4\" headers=\"col548-4\">7,400\u2009kg<\/td>\n<td class=\"td-5\" headers=\"col548-5\">&gt;\u200914.300 Lumen<\/td>\n<td class=\"td-last td-6\" headers=\"col548-6\">4.500\u2009\u2013\u20095.000\u2009K<\/td>\n<\/tr>\n<\/tbody>\n<\/table>\n<\/div>\n<div id=\"c549\" class=\"csc-default\">\n<p class=\"bodytext\">*zuz\u00fcglich ca. 2 W f\u00fcr den Bewegungssensor (PIR-Sensor)<\/p>\n<\/div>\n[\/vc_column_text][\/vc_column][\/vc_row]\n","protected":false},"excerpt":{"rendered":"<p>[vc_row][vc_column][vc_column_text]<\/p>\n<p>\nLED-Flutlichtstrahler mit Bewegungssensor (PIR-Sensor) IP65<br \/>\nM2LOOM LED-Flutlichtstrahler (IP65) sind die effiziente Alternative zu Halogenflutern und Metalldampflampen \u2013 sie erreichen bei niedrigem Energieverbrauch eine hervorragende Leuchtkraft sowohl im Innen- als auch im Au\u00dfenbereich. Sie \u00fcberzeugen durch eine Lebensdauer von mehr als 50.000 Stunden, durch ihr hochwertiges und robustes Aluminiumgeh\u00e4use sowie durch 5 Jahre M2LOOM-Garantie. Sie spenden sofort flackerfreies Licht. Die Schutzklasse IP65 bescheinigt unseren LED-Flutlichtstrahlern vollst\u00e4ndigen Ber\u00fchrungsschutz, Schutz gegen Eindringen von Staub sowie gegen Strahlwasser aus beliebigem Winkel.\u00a0 &#8230;<\/p>\n","protected":false},"author":1,"featured_media":0,"parent":0,"menu_order":0,"comment_status":"closed","ping_status":"closed","template":"","meta":[],"yoast_head":"<!-- This site is optimized with the Yoast SEO plugin v20.4 - https:\/\/yoast.com\/wordpress\/plugins\/seo\/ -->\n<title>LED - LED-Flutlichtstrahler<\/title>\n<meta name=\"robots\" content=\"index, follow, max-snippet:-1, max-image-preview:large, max-video-preview:-1\" \/>\n<link rel=\"canonical\" href=\"https:\/\/einbruch-sicher.com\/led\/\" \/>\n<meta property=\"og:locale\" content=\"de_DE\" \/>\n<meta property=\"og:type\" content=\"article\" \/>\n<meta property=\"og:title\" content=\"LED - LED-Flutlichtstrahler\" \/>\n<meta property=\"og:description\" content=\"[vc_row][vc_column][vc_column_text]  LED-Flutlichtstrahler mit Bewegungssensor (PIR-Sensor) IP65 M2LOOM LED-Flutlichtstrahler (IP65) sind die effiziente Alternative zu Halogenflutern und Metalldampflampen \u2013 sie erreichen bei niedrigem Energieverbrauch eine hervorragende Leuchtkraft sowohl im Innen- als auch im Au\u00dfenbereich. Sie \u00fcberzeugen durch eine Lebensdauer von mehr als 50.000 Stunden, durch ihr hochwertiges und robustes Aluminiumgeh\u00e4use sowie durch 5 Jahre M2LOOM-Garantie. Sie spenden sofort flackerfreies Licht. Die Schutzklasse IP65 bescheinigt unseren LED-Flutlichtstrahlern vollst\u00e4ndigen Ber\u00fchrungsschutz, Schutz gegen Eindringen von Staub sowie gegen Strahlwasser aus beliebigem Winkel.\u00a0 ...\" \/>\n<meta property=\"og:url\" content=\"https:\/\/einbruch-sicher.com\/led\/\" \/>\n<meta property=\"og:site_name\" content=\"LED-Flutlichtstrahler\" \/>\n<meta property=\"article:modified_time\" content=\"2016-04-29T12:11:55+00:00\" \/>\n<meta property=\"og:image\" content=\"http:\/\/einbruch-sicher.com\/led\/wp-content\/uploads\/sites\/8\/2016\/04\/LED-FLS-Gruppe_Sidebar_506-300x300.png\" \/>\n<meta name=\"twitter:card\" content=\"summary_large_image\" \/>\n<meta name=\"twitter:label1\" content=\"Gesch\u00e4tzte Lesezeit\" \/>\n\t<meta name=\"twitter:data1\" content=\"1\u00a0Minute\" \/>\n<script type=\"application\/ld+json\" class=\"yoast-schema-graph\">{\"@context\":\"https:\/\/schema.org\",\"@graph\":[{\"@type\":\"WebPage\",\"@id\":\"https:\/\/einbruch-sicher.com\/led\/\",\"url\":\"https:\/\/einbruch-sicher.com\/led\/\",\"name\":\"LED - LED-Flutlichtstrahler\",\"isPartOf\":{\"@id\":\"https:\/\/einbruch-sicher.com\/led\/#website\"},\"datePublished\":\"2016-04-16T13:08:47+00:00\",\"dateModified\":\"2016-04-29T12:11:55+00:00\",\"breadcrumb\":{\"@id\":\"https:\/\/einbruch-sicher.com\/led\/#breadcrumb\"},\"inLanguage\":\"de\",\"potentialAction\":[{\"@type\":\"ReadAction\",\"target\":[\"https:\/\/einbruch-sicher.com\/led\/\"]}]},{\"@type\":\"BreadcrumbList\",\"@id\":\"https:\/\/einbruch-sicher.com\/led\/#breadcrumb\",\"itemListElement\":[{\"@type\":\"ListItem\",\"position\":1,\"name\":\"Startseite\",\"item\":\"https:\/\/einbruch-sicher.com\/led\/\"},{\"@type\":\"ListItem\",\"position\":2,\"name\":\"LED\"}]},{\"@type\":\"WebSite\",\"@id\":\"https:\/\/einbruch-sicher.com\/led\/#website\",\"url\":\"https:\/\/einbruch-sicher.com\/led\/\",\"name\":\"LED-Flutlichtstrahler\",\"description\":\"Eine weitere Falzalarm der Fensteralarm Websites Website\",\"potentialAction\":[{\"@type\":\"SearchAction\",\"target\":{\"@type\":\"EntryPoint\",\"urlTemplate\":\"https:\/\/einbruch-sicher.com\/led\/?s={search_term_string}\"},\"query-input\":\"required name=search_term_string\"}],\"inLanguage\":\"de\"}]}<\/script>\n<!-- \/ Yoast SEO plugin. -->","yoast_head_json":{"title":"LED - LED-Flutlichtstrahler","robots":{"index":"index","follow":"follow","max-snippet":"max-snippet:-1","max-image-preview":"max-image-preview:large","max-video-preview":"max-video-preview:-1"},"canonical":"https:\/\/einbruch-sicher.com\/led\/","og_locale":"de_DE","og_type":"article","og_title":"LED - LED-Flutlichtstrahler","og_description":"[vc_row][vc_column][vc_column_text]  LED-Flutlichtstrahler mit Bewegungssensor (PIR-Sensor) IP65 M2LOOM LED-Flutlichtstrahler (IP65) sind die effiziente Alternative zu Halogenflutern und Metalldampflampen \u2013 sie erreichen bei niedrigem Energieverbrauch eine hervorragende Leuchtkraft sowohl im Innen- als auch im Au\u00dfenbereich. Sie \u00fcberzeugen durch eine Lebensdauer von mehr als 50.000 Stunden, durch ihr hochwertiges und robustes Aluminiumgeh\u00e4use sowie durch 5 Jahre M2LOOM-Garantie. Sie spenden sofort flackerfreies Licht. Die Schutzklasse IP65 bescheinigt unseren LED-Flutlichtstrahlern vollst\u00e4ndigen Ber\u00fchrungsschutz, Schutz gegen Eindringen von Staub sowie gegen Strahlwasser aus beliebigem Winkel.\u00a0 ...","og_url":"https:\/\/einbruch-sicher.com\/led\/","og_site_name":"LED-Flutlichtstrahler","article_modified_time":"2016-04-29T12:11:55+00:00","og_image":[{"url":"http:\/\/einbruch-sicher.com\/led\/wp-content\/uploads\/sites\/8\/2016\/04\/LED-FLS-Gruppe_Sidebar_506-300x300.png"}],"twitter_card":"summary_large_image","twitter_misc":{"Gesch\u00e4tzte Lesezeit":"1\u00a0Minute"},"schema":{"@context":"https:\/\/schema.org","@graph":[{"@type":"WebPage","@id":"https:\/\/einbruch-sicher.com\/led\/","url":"https:\/\/einbruch-sicher.com\/led\/","name":"LED - LED-Flutlichtstrahler","isPartOf":{"@id":"https:\/\/einbruch-sicher.com\/led\/#website"},"datePublished":"2016-04-16T13:08:47+00:00","dateModified":"2016-04-29T12:11:55+00:00","breadcrumb":{"@id":"https:\/\/einbruch-sicher.com\/led\/#breadcrumb"},"inLanguage":"de","potentialAction":[{"@type":"ReadAction","target":["https:\/\/einbruch-sicher.com\/led\/"]}]},{"@type":"BreadcrumbList","@id":"https:\/\/einbruch-sicher.com\/led\/#breadcrumb","itemListElement":[{"@type":"ListItem","position":1,"name":"Startseite","item":"https:\/\/einbruch-sicher.com\/led\/"},{"@type":"ListItem","position":2,"name":"LED"}]},{"@type":"WebSite","@id":"https:\/\/einbruch-sicher.com\/led\/#website","url":"https:\/\/einbruch-sicher.com\/led\/","name":"LED-Flutlichtstrahler","description":"Eine weitere Falzalarm der Fensteralarm Websites Website","potentialAction":[{"@type":"SearchAction","target":{"@type":"EntryPoint","urlTemplate":"https:\/\/einbruch-sicher.com\/led\/?s={search_term_string}"},"query-input":"required name=search_term_string"}],"inLanguage":"de"}]}},"_links":{"self":[{"href":"https:\/\/einbruch-sicher.com\/led\/wp-json\/wp\/v2\/pages\/15"}],"collection":[{"href":"https:\/\/einbruch-sicher.com\/led\/wp-json\/wp\/v2\/pages"}],"about":[{"href":"https:\/\/einbruch-sicher.com\/led\/wp-json\/wp\/v2\/types\/page"}],"author":[{"embeddable":true,"href":"https:\/\/einbruch-sicher.com\/led\/wp-json\/wp\/v2\/users\/1"}],"replies":[{"embeddable":true,"href":"https:\/\/einbruch-sicher.com\/led\/wp-json\/wp\/v2\/comments?post=15"}],"version-history":[{"count":0,"href":"https:\/\/einbruch-sicher.com\/led\/wp-json\/wp\/v2\/pages\/15\/revisions"}],"wp:attachment":[{"href":"https:\/\/einbruch-sicher.com\/led\/wp-json\/wp\/v2\/media?parent=15"}],"curies":[{"name":"wp","href":"https:\/\/api.w.org\/{rel}","templated":true}]}}