{"id":340,"date":"2014-02-19T03:05:51","date_gmt":"2014-02-19T01:05:51","guid":{"rendered":"http:\/\/winflip.nutznetze.de\/?page_id=340"},"modified":"2016-04-28T14:57:44","modified_gmt":"2016-04-28T12:57:44","slug":"mehr-lebensqualitaet-fuer-die-ganze-familie","status":"publish","type":"page","link":"https:\/\/einbruch-sicher.com\/cleverlueften\/broschuere-filme\/mehr-lebensqualitaet-fuer-die-ganze-familie\/","title":{"rendered":"hohe Lebensqualit\u00e4t"},"content":{"rendered":"[vc_row][vc_column][vc_custom_heading text=&#8220;Lebensqualit\u00e4t f\u00fcr die Familie&#8220; use_theme_fonts=&#8220;yes&#8220;][vc_video link=&#8220;http:\/\/www.youtube.com\/watch?v=yXY1VHcEk44&#8243;][\/vc_column][\/vc_row]\n","protected":false},"excerpt":{"rendered":"<p>[vc_row][vc_column][vc_custom_heading text=&#8220;Lebensqualit\u00e4t f\u00fcr die Familie&#8220; use_theme_fonts=&#8220;yes&#8220;][vc_video link=&#8220;http:\/\/www.youtube.com\/watch?v=yXY1VHcEk44&#8243;][\/vc_column][\/vc_row]<\/p>\n","protected":false},"author":1,"featured_media":0,"parent":287,"menu_order":0,"comment_status":"closed","ping_status":"closed","template":"template_leftnav.php","meta":[],"yoast_head":"<!-- This site is optimized with the Yoast SEO plugin v20.4 - https:\/\/yoast.com\/wordpress\/plugins\/seo\/ -->\n<title>WINFLIP - Hohe Lebensqualit\u00e4t<\/title>\n<meta name=\"description\" content=\"Einbruch minimieren, Energie sparen, Barrierefreiheit, Pflegeerleichterung, clever-lueften, cleverlueften, winflip\" \/>\n<meta name=\"robots\" content=\"index, follow, max-snippet:-1, max-image-preview:large, max-video-preview:-1\" \/>\n<link rel=\"canonical\" href=\"https:\/\/einbruch-sicher.com\/cleverlueften\/broschuere-filme\/mehr-lebensqualitaet-fuer-die-ganze-familie\/\" \/>\n<meta property=\"og:locale\" content=\"de_DE\" \/>\n<meta property=\"og:type\" content=\"article\" \/>\n<meta property=\"og:title\" content=\"WINFLIP - Hohe Lebensqualit\u00e4t\" \/>\n<meta property=\"og:description\" content=\"Einbruch minimieren, Energie sparen, Barrierefreiheit, Pflegeerleichterung, clever-lueften, cleverlueften, winflip\" \/>\n<meta property=\"og:url\" content=\"https:\/\/einbruch-sicher.com\/cleverlueften\/broschuere-filme\/mehr-lebensqualitaet-fuer-die-ganze-familie\/\" \/>\n<meta property=\"og:site_name\" content=\"WINFLIP\" \/>\n<meta property=\"article:modified_time\" content=\"2016-04-28T12:57:44+00:00\" \/>\n<meta name=\"twitter:card\" content=\"summary_large_image\" \/>\n<script type=\"application\/ld+json\" class=\"yoast-schema-graph\">{\"@context\":\"https:\/\/schema.org\",\"@graph\":[{\"@type\":\"WebPage\",\"@id\":\"https:\/\/einbruch-sicher.com\/cleverlueften\/broschuere-filme\/mehr-lebensqualitaet-fuer-die-ganze-familie\/\",\"url\":\"https:\/\/einbruch-sicher.com\/cleverlueften\/broschuere-filme\/mehr-lebensqualitaet-fuer-die-ganze-familie\/\",\"name\":\"WINFLIP - Hohe Lebensqualit\u00e4t\",\"isPartOf\":{\"@id\":\"https:\/\/einbruch-sicher.com\/cleverlueften\/#website\"},\"datePublished\":\"2014-02-19T01:05:51+00:00\",\"dateModified\":\"2016-04-28T12:57:44+00:00\",\"description\":\"Einbruch minimieren, Energie sparen, Barrierefreiheit, Pflegeerleichterung, clever-lueften, cleverlueften, winflip\",\"breadcrumb\":{\"@id\":\"https:\/\/einbruch-sicher.com\/cleverlueften\/broschuere-filme\/mehr-lebensqualitaet-fuer-die-ganze-familie\/#breadcrumb\"},\"inLanguage\":\"de\",\"potentialAction\":[{\"@type\":\"ReadAction\",\"target\":[\"https:\/\/einbruch-sicher.com\/cleverlueften\/broschuere-filme\/mehr-lebensqualitaet-fuer-die-ganze-familie\/\"]}]},{\"@type\":\"BreadcrumbList\",\"@id\":\"https:\/\/einbruch-sicher.com\/cleverlueften\/broschuere-filme\/mehr-lebensqualitaet-fuer-die-ganze-familie\/#breadcrumb\",\"itemListElement\":[{\"@type\":\"ListItem\",\"position\":1,\"name\":\"Home\",\"item\":\"https:\/\/einbruch-sicher.com\/cleverlueften\/\"},{\"@type\":\"ListItem\",\"position\":2,\"name\":\"Brosch\u00fcre \/ Filme\",\"item\":\"https:\/\/einbruch-sicher.com\/cleverlueften\/broschuere-filme\/\"},{\"@type\":\"ListItem\",\"position\":3,\"name\":\"hohe Lebensqualit\u00e4t\"}]},{\"@type\":\"WebSite\",\"@id\":\"https:\/\/einbruch-sicher.com\/cleverlueften\/#website\",\"url\":\"https:\/\/einbruch-sicher.com\/cleverlueften\/\",\"name\":\"WINFLIP\",\"description\":\"Frische Luft mit nur einem Zug \u2013 ohne Strom!\",\"potentialAction\":[{\"@type\":\"SearchAction\",\"target\":{\"@type\":\"EntryPoint\",\"urlTemplate\":\"https:\/\/einbruch-sicher.com\/cleverlueften\/?s={search_term_string}\"},\"query-input\":\"required name=search_term_string\"}],\"inLanguage\":\"de\"}]}<\/script>\n<!-- \/ Yoast SEO plugin. -->","yoast_head_json":{"title":"WINFLIP - Hohe Lebensqualit\u00e4t","description":"Einbruch minimieren, Energie sparen, Barrierefreiheit, Pflegeerleichterung, clever-lueften, cleverlueften, winflip","robots":{"index":"index","follow":"follow","max-snippet":"max-snippet:-1","max-image-preview":"max-image-preview:large","max-video-preview":"max-video-preview:-1"},"canonical":"https:\/\/einbruch-sicher.com\/cleverlueften\/broschuere-filme\/mehr-lebensqualitaet-fuer-die-ganze-familie\/","og_locale":"de_DE","og_type":"article","og_title":"WINFLIP - Hohe Lebensqualit\u00e4t","og_description":"Einbruch minimieren, Energie sparen, Barrierefreiheit, Pflegeerleichterung, clever-lueften, cleverlueften, winflip","og_url":"https:\/\/einbruch-sicher.com\/cleverlueften\/broschuere-filme\/mehr-lebensqualitaet-fuer-die-ganze-familie\/","og_site_name":"WINFLIP","article_modified_time":"2016-04-28T12:57:44+00:00","twitter_card":"summary_large_image","schema":{"@context":"https:\/\/schema.org","@graph":[{"@type":"WebPage","@id":"https:\/\/einbruch-sicher.com\/cleverlueften\/broschuere-filme\/mehr-lebensqualitaet-fuer-die-ganze-familie\/","url":"https:\/\/einbruch-sicher.com\/cleverlueften\/broschuere-filme\/mehr-lebensqualitaet-fuer-die-ganze-familie\/","name":"WINFLIP - Hohe Lebensqualit\u00e4t","isPartOf":{"@id":"https:\/\/einbruch-sicher.com\/cleverlueften\/#website"},"datePublished":"2014-02-19T01:05:51+00:00","dateModified":"2016-04-28T12:57:44+00:00","description":"Einbruch minimieren, Energie sparen, Barrierefreiheit, Pflegeerleichterung, clever-lueften, cleverlueften, winflip","breadcrumb":{"@id":"https:\/\/einbruch-sicher.com\/cleverlueften\/broschuere-filme\/mehr-lebensqualitaet-fuer-die-ganze-familie\/#breadcrumb"},"inLanguage":"de","potentialAction":[{"@type":"ReadAction","target":["https:\/\/einbruch-sicher.com\/cleverlueften\/broschuere-filme\/mehr-lebensqualitaet-fuer-die-ganze-familie\/"]}]},{"@type":"BreadcrumbList","@id":"https:\/\/einbruch-sicher.com\/cleverlueften\/broschuere-filme\/mehr-lebensqualitaet-fuer-die-ganze-familie\/#breadcrumb","itemListElement":[{"@type":"ListItem","position":1,"name":"Home","item":"https:\/\/einbruch-sicher.com\/cleverlueften\/"},{"@type":"ListItem","position":2,"name":"Brosch\u00fcre \/ Filme","item":"https:\/\/einbruch-sicher.com\/cleverlueften\/broschuere-filme\/"},{"@type":"ListItem","position":3,"name":"hohe Lebensqualit\u00e4t"}]},{"@type":"WebSite","@id":"https:\/\/einbruch-sicher.com\/cleverlueften\/#website","url":"https:\/\/einbruch-sicher.com\/cleverlueften\/","name":"WINFLIP","description":"Frische Luft mit nur einem Zug \u2013 ohne Strom!","potentialAction":[{"@type":"SearchAction","target":{"@type":"EntryPoint","urlTemplate":"https:\/\/einbruch-sicher.com\/cleverlueften\/?s={search_term_string}"},"query-input":"required name=search_term_string"}],"inLanguage":"de"}]}},"_links":{"self":[{"href":"https:\/\/einbruch-sicher.com\/cleverlueften\/wp-json\/wp\/v2\/pages\/340"}],"collection":[{"href":"https:\/\/einbruch-sicher.com\/cleverlueften\/wp-json\/wp\/v2\/pages"}],"about":[{"href":"https:\/\/einbruch-sicher.com\/cleverlueften\/wp-json\/wp\/v2\/types\/page"}],"author":[{"embeddable":true,"href":"https:\/\/einbruch-sicher.com\/cleverlueften\/wp-json\/wp\/v2\/users\/1"}],"replies":[{"embeddable":true,"href":"https:\/\/einbruch-sicher.com\/cleverlueften\/wp-json\/wp\/v2\/comments?post=340"}],"version-history":[{"count":0,"href":"https:\/\/einbruch-sicher.com\/cleverlueften\/wp-json\/wp\/v2\/pages\/340\/revisions"}],"up":[{"embeddable":true,"href":"https:\/\/einbruch-sicher.com\/cleverlueften\/wp-json\/wp\/v2\/pages\/287"}],"wp:attachment":[{"href":"https:\/\/einbruch-sicher.com\/cleverlueften\/wp-json\/wp\/v2\/media?parent=340"}],"curies":[{"name":"wp","href":"https:\/\/api.w.org\/{rel}","templated":true}]}}