{"id":115,"date":"2014-02-13T00:39:45","date_gmt":"2014-02-12T22:39:45","guid":{"rendered":"http:\/\/winflip.nutznetze.de\/?page_id=72"},"modified":"2014-02-13T00:39:45","modified_gmt":"2014-02-12T22:39:45","slug":"winflip-checklisten","status":"publish","type":"page","link":"https:\/\/einbruch-sicher.com\/cleverlueften\/ist-winflip\/winflip-checklisten\/","title":{"rendered":"Checklisten"},"content":{"rendered":"<p><span style=\"color: #808080;font-family: Verdana\"><b>Mit der WINFLIP Checkliste Ihre Vorteile klar erkennen<\/b><\/span><\/p>\n<p><img decoding=\"async\" loading=\"lazy\" class=\"alignleft size-full wp-image-61\" style=\"border: 0px;margin-right: 10px\" src=\"http:\/\/nutznetze.de\/content\/uploads\/sites\/4\/2014\/02\/info1.jpg\" alt=\"info1\" width=\"108\" height=\"108\" \/>Von der Heizkostenersparnis bis zu vielen einzelnen Vorteilen im t\u00e4glichen Leben hilft WINFLIP je nach Raum und Lebenssituation. Sie werden kaum glauben, wo sich die Lebensqualit\u00e4t \u00fcberall steigern und Geld sparen l\u00e4sst.<\/p>\n<p><a href=\"http:\/\/einbruch-sicher.com\/cleverlueften\/wp-content\/uploads\/sites\/4\/2014\/07\/Checkliste-f\u00fcr-Kunden.pdf\" target=\"_blank\">Checkliste f\u00fcr Kunden<\/a><\/p>\n<p>&nbsp;<\/p>\n<p><strong><span style=\"color: #666666\">WINFLIP k\u00f6nnen Sie\u00a0<\/span><a title=\"Hier im Shop\" href=\"http:\/\/falzalarm.de\/shop\/\">hier im Shop<\/a><span style=\"color: #666666\">\u00a0bequem per Rechnung bestellen.<\/span><\/strong><\/p>\n","protected":false},"excerpt":{"rendered":"<p>Mit der WINFLIP Checkliste Ihre Vorteile klar erkennen<br \/>\nVon der Heizkostenersparnis bis zu vielen einzelnen Vorteilen im t\u00e4glichen Leben hilft WINFLIP je nach Raum und Lebenssituation. Sie werden kaum glauben, wo sich die Lebensqualit\u00e4t \u00fcberall steigern und Geld sparen l\u00e4sst.<br \/>\nCheckliste f\u00fcr Kunden<br \/>\n&nbsp;<br \/>\nWINFLIP k\u00f6nnen Sie\u00a0hier im Shop\u00a0bequem per Rechnung bestellen.<\/p>\n","protected":false},"author":1,"featured_media":0,"parent":113,"menu_order":0,"comment_status":"closed","ping_status":"closed","template":"template_leftnav.php","meta":[],"yoast_head":"<!-- This site is optimized with the Yoast SEO plugin v20.4 - https:\/\/yoast.com\/wordpress\/plugins\/seo\/ -->\n<title>WINFLIP - Checkliste<\/title>\n<meta name=\"description\" content=\"Einbruch minimieren, Energie sparen, Barrierefreiheit, Pflegeerleichterung, Checkliste, clever-lueften, cleverlueften, winflip\" \/>\n<meta name=\"robots\" content=\"index, follow, max-snippet:-1, max-image-preview:large, max-video-preview:-1\" \/>\n<link rel=\"canonical\" href=\"https:\/\/einbruch-sicher.com\/cleverlueften\/ist-winflip\/winflip-checklisten\/\" \/>\n<meta property=\"og:locale\" content=\"de_DE\" \/>\n<meta property=\"og:type\" content=\"article\" \/>\n<meta property=\"og:title\" content=\"WINFLIP - Checkliste\" \/>\n<meta property=\"og:description\" content=\"Einbruch minimieren, Energie sparen, Barrierefreiheit, Pflegeerleichterung, Checkliste, clever-lueften, cleverlueften, winflip\" \/>\n<meta property=\"og:url\" content=\"https:\/\/einbruch-sicher.com\/cleverlueften\/ist-winflip\/winflip-checklisten\/\" \/>\n<meta property=\"og:site_name\" content=\"WINFLIP\" \/>\n<meta property=\"og:image\" content=\"http:\/\/nutznetze.de\/content\/uploads\/sites\/4\/2014\/02\/info1.jpg\" \/>\n<meta name=\"twitter:card\" content=\"summary_large_image\" \/>\n<script type=\"application\/ld+json\" class=\"yoast-schema-graph\">{\"@context\":\"https:\/\/schema.org\",\"@graph\":[{\"@type\":\"WebPage\",\"@id\":\"https:\/\/einbruch-sicher.com\/cleverlueften\/ist-winflip\/winflip-checklisten\/\",\"url\":\"https:\/\/einbruch-sicher.com\/cleverlueften\/ist-winflip\/winflip-checklisten\/\",\"name\":\"WINFLIP - Checkliste\",\"isPartOf\":{\"@id\":\"https:\/\/einbruch-sicher.com\/cleverlueften\/#website\"},\"datePublished\":\"2014-02-12T22:39:45+00:00\",\"dateModified\":\"2014-02-12T22:39:45+00:00\",\"description\":\"Einbruch minimieren, Energie sparen, Barrierefreiheit, Pflegeerleichterung, Checkliste, clever-lueften, cleverlueften, winflip\",\"breadcrumb\":{\"@id\":\"https:\/\/einbruch-sicher.com\/cleverlueften\/ist-winflip\/winflip-checklisten\/#breadcrumb\"},\"inLanguage\":\"de\",\"potentialAction\":[{\"@type\":\"ReadAction\",\"target\":[\"https:\/\/einbruch-sicher.com\/cleverlueften\/ist-winflip\/winflip-checklisten\/\"]}]},{\"@type\":\"BreadcrumbList\",\"@id\":\"https:\/\/einbruch-sicher.com\/cleverlueften\/ist-winflip\/winflip-checklisten\/#breadcrumb\",\"itemListElement\":[{\"@type\":\"ListItem\",\"position\":1,\"name\":\"Home\",\"item\":\"https:\/\/einbruch-sicher.com\/cleverlueften\/\"},{\"@type\":\"ListItem\",\"position\":2,\"name\":\"Was ist WINFLIP\",\"item\":\"https:\/\/einbruch-sicher.com\/cleverlueften\/ist-winflip\/\"},{\"@type\":\"ListItem\",\"position\":3,\"name\":\"Checklisten\"}]},{\"@type\":\"WebSite\",\"@id\":\"https:\/\/einbruch-sicher.com\/cleverlueften\/#website\",\"url\":\"https:\/\/einbruch-sicher.com\/cleverlueften\/\",\"name\":\"WINFLIP\",\"description\":\"Frische Luft mit nur einem Zug \u2013 ohne Strom!\",\"potentialAction\":[{\"@type\":\"SearchAction\",\"target\":{\"@type\":\"EntryPoint\",\"urlTemplate\":\"https:\/\/einbruch-sicher.com\/cleverlueften\/?s={search_term_string}\"},\"query-input\":\"required name=search_term_string\"}],\"inLanguage\":\"de\"}]}<\/script>\n<!-- \/ Yoast SEO plugin. -->","yoast_head_json":{"title":"WINFLIP - Checkliste","description":"Einbruch minimieren, Energie sparen, Barrierefreiheit, Pflegeerleichterung, Checkliste, clever-lueften, cleverlueften, winflip","robots":{"index":"index","follow":"follow","max-snippet":"max-snippet:-1","max-image-preview":"max-image-preview:large","max-video-preview":"max-video-preview:-1"},"canonical":"https:\/\/einbruch-sicher.com\/cleverlueften\/ist-winflip\/winflip-checklisten\/","og_locale":"de_DE","og_type":"article","og_title":"WINFLIP - Checkliste","og_description":"Einbruch minimieren, Energie sparen, Barrierefreiheit, Pflegeerleichterung, Checkliste, clever-lueften, cleverlueften, winflip","og_url":"https:\/\/einbruch-sicher.com\/cleverlueften\/ist-winflip\/winflip-checklisten\/","og_site_name":"WINFLIP","og_image":[{"url":"http:\/\/nutznetze.de\/content\/uploads\/sites\/4\/2014\/02\/info1.jpg"}],"twitter_card":"summary_large_image","schema":{"@context":"https:\/\/schema.org","@graph":[{"@type":"WebPage","@id":"https:\/\/einbruch-sicher.com\/cleverlueften\/ist-winflip\/winflip-checklisten\/","url":"https:\/\/einbruch-sicher.com\/cleverlueften\/ist-winflip\/winflip-checklisten\/","name":"WINFLIP - Checkliste","isPartOf":{"@id":"https:\/\/einbruch-sicher.com\/cleverlueften\/#website"},"datePublished":"2014-02-12T22:39:45+00:00","dateModified":"2014-02-12T22:39:45+00:00","description":"Einbruch minimieren, Energie sparen, Barrierefreiheit, Pflegeerleichterung, Checkliste, clever-lueften, cleverlueften, winflip","breadcrumb":{"@id":"https:\/\/einbruch-sicher.com\/cleverlueften\/ist-winflip\/winflip-checklisten\/#breadcrumb"},"inLanguage":"de","potentialAction":[{"@type":"ReadAction","target":["https:\/\/einbruch-sicher.com\/cleverlueften\/ist-winflip\/winflip-checklisten\/"]}]},{"@type":"BreadcrumbList","@id":"https:\/\/einbruch-sicher.com\/cleverlueften\/ist-winflip\/winflip-checklisten\/#breadcrumb","itemListElement":[{"@type":"ListItem","position":1,"name":"Home","item":"https:\/\/einbruch-sicher.com\/cleverlueften\/"},{"@type":"ListItem","position":2,"name":"Was ist WINFLIP","item":"https:\/\/einbruch-sicher.com\/cleverlueften\/ist-winflip\/"},{"@type":"ListItem","position":3,"name":"Checklisten"}]},{"@type":"WebSite","@id":"https:\/\/einbruch-sicher.com\/cleverlueften\/#website","url":"https:\/\/einbruch-sicher.com\/cleverlueften\/","name":"WINFLIP","description":"Frische Luft mit nur einem Zug \u2013 ohne Strom!","potentialAction":[{"@type":"SearchAction","target":{"@type":"EntryPoint","urlTemplate":"https:\/\/einbruch-sicher.com\/cleverlueften\/?s={search_term_string}"},"query-input":"required name=search_term_string"}],"inLanguage":"de"}]}},"_links":{"self":[{"href":"https:\/\/einbruch-sicher.com\/cleverlueften\/wp-json\/wp\/v2\/pages\/115"}],"collection":[{"href":"https:\/\/einbruch-sicher.com\/cleverlueften\/wp-json\/wp\/v2\/pages"}],"about":[{"href":"https:\/\/einbruch-sicher.com\/cleverlueften\/wp-json\/wp\/v2\/types\/page"}],"author":[{"embeddable":true,"href":"https:\/\/einbruch-sicher.com\/cleverlueften\/wp-json\/wp\/v2\/users\/1"}],"replies":[{"embeddable":true,"href":"https:\/\/einbruch-sicher.com\/cleverlueften\/wp-json\/wp\/v2\/comments?post=115"}],"version-history":[{"count":0,"href":"https:\/\/einbruch-sicher.com\/cleverlueften\/wp-json\/wp\/v2\/pages\/115\/revisions"}],"up":[{"embeddable":true,"href":"https:\/\/einbruch-sicher.com\/cleverlueften\/wp-json\/wp\/v2\/pages\/113"}],"wp:attachment":[{"href":"https:\/\/einbruch-sicher.com\/cleverlueften\/wp-json\/wp\/v2\/media?parent=115"}],"curies":[{"name":"wp","href":"https:\/\/api.w.org\/{rel}","templated":true}]}}